Suppose t = 3 - 4. Is 11 a factor of t/(-5) - (-438)/10?
True
Let s(m) = 3*m + 5. Let i be s(7). Suppose 4*n + 2*r + 22 + 12 = 0, i = -2*n - 4*r. Let l = n - -23. Is l a multiple of 8?
True
Does 8 divide 54 - (1/(-1))/(-1)?
False
Let q be 4/(-6)*(0 - -12). Let c(m) = -m**2 - 8*m - 8. Let l be c(q). Let t(h) = -h + 3. Is 8 a factor of t(l)?
False
Let u(v) = -13*v - 16. Does 24 divide u(-6)?
False
Suppose 4*l = 2*l + 50. Suppose -4*c - 339 = -5*n, -5*n = 5*c - 350 - l. Is 20 a factor of n?
False
Let x(f) = f**2 + 8*f - 11. Let h = -10 + -1. Let m be x(h). Let s = -5 + m. Does 8 divide s?
False
Let v be (-1 - 3/(-2)) + (-9)/18. Suppose 3*i = 5*i - 140. Suppose 0 = -v*b - 5*b + i. Is 4 a factor of b?
False
Suppose 14*a + 36 = 15*a. Let h = -23 + a. Does 2 divide h?
False
Is -4 + (62 - 0 - -4) a multiple of 16?
False
Let x(c) = c**3 + 4*c**2 - 2*c - 5. Let g be x(-4). Suppose -z = -4*z + g. Does 15 divide ((-3)/(-4))/(z/60)?
True
Let w(o) = -o**3 + 5*o**2 - 4*o - 1. Let n be w(4). Let m be n - -3 - 36/(-2). Suppose -r - 4*r + m = 0. Is 3 a factor of r?
False
Let u(d) = -d**3 - d**2 + 3*d + 4. Is 8 a factor of u(-5)?
False
Suppose 3*i = -3*s + 181 + 44, 0 = 4*s - 3*i - 307. Does 13 divide s?
False
Suppose -8 = -3*y + 4. Let s(z) = -z**2 + 8*z + 3. Is s(y) a multiple of 4?
False
Let l(r) = -8*r - 14. Let c be l(-6). Let m = c + 4. Is m a multiple of 19?
True
Suppose -2*v + 3*x = 5, -4*v + x - 2*x = -25. Suppose v*c - 44 = c. Is 11 a factor of c?
True
Suppose -84 = -0*o - 4*o. Suppose 0 = -3*t + 4*t - o. Is 21 a factor of t?
True
Let i be (0/2)/2 + 6. Let o be (-17)/(2 - 7/4). Does 7 divide o/i*12/(-8)?
False
Let d(v) = -4 + 6 - 1 + 6*v. Let l(f) = -f - 1. Let z be l(-8). Does 17 divide d(z)?
False
Suppose 14*o - 78 = 13*o. Is 3 a factor of o?
True
Is 6 a factor of 12/4 + 23 + -2?
True
Let z = 54 + -91. Let c = 63 + z. Is c a multiple of 13?
True
Is 24 a factor of (-160)/(0 - 1) + -3?
False
Suppose -4 - 14 = -3*o - b, 3*b - 29 = -4*o. Suppose 14 = o*n - 3*w - 68, 2*n + 3*w = 16. Does 10 divide n?
False
Suppose -38 = -3*g + 163. Let l = 106 - g. Does 18 divide l?
False
Suppose -2*x = -4*u - 268, 0 = -5*x + 8*u - 9*u + 725. Does 39 divide x?
False
Let q = 103 - 23. Is 13 a factor of q?
False
Let d(m) = 116*m**3 - m**2. Does 10 divide d(1)?
False
Is 14 a factor of 595/21 + 2/(-6)?
True
Let p(w) be the third derivative of w**5/60 + w**4/24 + w**3/2 - 3*w**2. Let d be p(0). Suppose 0 = -y - d*y + 48. Does 6 divide y?
True
Suppose -55 = -6*j + 449. Is j a multiple of 12?
True
Let i = 19 - 13. Suppose 2*g - 4 - i = 0. Is g a multiple of 3?
False
Let y = 92 + -69. Does 11 divide y?
False
Does 4 divide 1/5 - 147/(-15)?
False
Let a = -126 - -182. Does 21 divide a?
False
Let z = -35 - -81. Does 42 divide z?
False
Let l(o) be the third derivative of -o**4/24 + o**3/3 + o**2. Let v be l(2). Suppose v*p - 8 = -p. Is 7 a factor of p?
False
Let p(o) = -o**3 + 3 + 2*o**2 - 2*o**2 + o**2 + o. Let z be 1/((-8)/12)*2. Is p(z) a multiple of 18?
True
Let j = 2 - 0. Suppose 0 = 3*p - 3*i, j = 5*i - 13. Is 0 + 11 - (1 - p) a multiple of 13?
True
Let o be (-2 + 5)*6/(-9). Let d = 0 + o. Is 34/3 + d/(-3) a multiple of 6?
True
Does 5 divide (-1*3)/(18/(-132))?
False
Let v = -9 + 106. Is v a multiple of 12?
False
Suppose 0 = -4*g + 1 - 5. Let f be (-1 - 17) + 2 + g. Let u = 7 - f. Does 17 divide u?
False
Let c be (3*-13)/(6/4). Let s = c + 37. Let b = s + -6. Is b even?
False
Let f = -5 + 10. Suppose 3*g + 105 = -f*n, 2*n + g - 49 = 5*n. Let h = n + 30. Is h a multiple of 12?
True
Let b(s) = -8*s + 64. Does 28 divide b(-13)?
True
Suppose 3 = -y - 2, 14 = -2*z - 2*y. Let b be -33*z/3 - -1. Suppose 0 = 3*t + 2*u - b, -2*t + 22 = u + 6. Is t a multiple of 9?
True
Suppose 99 = 4*w - 141. Is w a multiple of 15?
True
Suppose -2*p - v + 10 = -0*v, v = 4*p - 14. Suppose p*z = 7 + 17. Suppose q = z + 20. Is q a multiple of 13?
True
Let b(v) = -v**3 - 7*v**2 - 5*v - 7. Let f be b(-5). Is f/(-12)*6/4 a multiple of 4?
True
Let k(s) = s**3 + 16*s**2 + 10*s - 15. Let g = -39 + 24. Does 20 divide k(g)?
True
Suppose -3*w - w = 3*h + 3, 3*h - 2*w = -21. Suppose -3*d - 108 = -4*y, 4*d - 3*y = -16 - 135. Is 5 a factor of (6/h)/(6/d)?
False
Let y(j) = -j. Let w(k) = -18*k + 4. Let l(z) = -w(z) + 10*y(z). Let c be l(4). Let h = -15 + c. Is 13 a factor of h?
True
Let z(o) = 12*o - 8. Is 26 a factor of z(4)?
False
Suppose p = -p + 4. Let y(i) = 12*i**2 - i + 2. Let b be y(p). Suppose -2*n = 2*n - b. Does 6 divide n?
True
Let o(l) = 22*l**3 - l**2 + 2*l - 1. Let a be 5/15*(-1 + 4). Let u be o(a). Suppose -u = -2*v + d + 3*d, 5*d - 46 = -v. Is v a multiple of 10?
False
Suppose 2*a - 3*f = -7, -5*a - 14 = -0*a - 4*f. Let c be (0 - a)*3 - 3. Suppose c*y - 32 = y. Is y a multiple of 11?
False
Let j(u) = 13*u**2 + 2*u - 1. Let n(b) be the third derivative of b**5/60 - 7*b**4/24 + b**3/6 - b**2. Let m be n(7). Is 14 a factor of j(m)?
True
Let c be (-77)/(-5) + 12/20. Suppose -3*m - 3*u = -0*u - 108, c = -4*u. Is 10 a factor of m?
True
Is 13 a factor of 1/(-3) - (-236)/6?
True
Let l = -23 + 34. Does 2 divide l?
False
Suppose 3*l - 20 = 5*v, -v = -5*l - 3*v + 54. Let c be 66/l - 2/(-5). Suppose 0 = -c*q + 3*q + 124. Is 12 a factor of q?
False
Let k = -34 - -24. Let c = 46 + k. Is c a multiple of 9?
True
Let k(m) = -4*m**3 + 2*m**2 - 2*m - 2. Suppose 2*i + 3*r = -i, -3*i - 2*r = 2. Let n be 4/(-2) - (i + 2). Is k(n) a multiple of 21?
True
Let m(o) = -o**2 + 10*o - 6. Let p be m(9). Suppose 0 = -5*z + 2*r + 289, p*z - 6*r - 181 = -r. Is z a multiple of 15?
False
Let s = -2 + 1. Is 308/12 + s/(-3) a multiple of 9?
False
Let l(s) = s**2 + 6*s + 2. Does 16 divide l(-10)?
False
Let y be (-1 - 0)/(2 - 3). Let n(h) = 1 - 12*h - 2 - 4 - y. Does 21 divide n(-4)?
True
Let r(q) = q**2 + 5*q + 2. Let k be r(-4). Let f be 1*(k + 4) - 2. Suppose -x = -3*n + 54, n - 3*x - 18 = -f*n. Is 11 a factor of n?
False
Let i(j) = -21*j - 42. Does 12 divide i(-10)?
True
Let f(i) = -i - 2. Let p be f(-6). Suppose -p*r = -7*r + 117. Is 13 a factor of r?
True
Let z(q) = q**2 - 8*q + 7. Let f be z(7). Does 14 divide (-5 - (f - 2)) + 17?
True
Suppose 0 = -4*n - 2 - 2. Is ((-15 - 2)/n)/1 a multiple of 17?
True
Is 6 a factor of 4/24 + (-483)/(-18)?
False
Let b be (-2 - -7 - 3)*2. Suppose -3*m - b*s = -29, -37 = -m - 2*m + 4*s. Does 9 divide m?
False
Let f = 11 - 6. Suppose -2*y = -4*p - 92, -138 = 2*y - f*y + 3*p. Does 17 divide y?
False
Let u(x) = 4*x + 3. Suppose -4*a = -4*k - 0*k - 16, -4*a + 2*k + 8 = 0. Let j = 3 + a. Is 15 a factor of u(j)?
True
Let q = -3 - -5. Suppose 0 = -3*v - 3*l - 9, 5*v + 0*l + 8 = q*l. Is 9 a factor of 94/4 - v/4?
False
Suppose f = -2*s + 8, 0 = -4*s + 3 + 17. Does 5 divide 15/(-12)*(f + -2)?
True
Let q = -17 - -32. Let a be (13/3)/(1/q). Suppose -5*y + 0*y + a = 0. Is y a multiple of 6?
False
Suppose -t - 31 + 81 = 0. Does 25 divide t?
True
Let t(z) = -2*z - 1. Let c be ((-18)/(-3))/1 + -1. Suppose 0 = -4*i - 7 - c. Does 5 divide t(i)?
True
Let l be ((-12)/(-15))/(2/20). Suppose 55 = -3*w + l*w. Is 3 a factor of w?
False
Does 2 divide (3 - 93/12)*-4?
False
Suppose -8 = 2*x - 0. Let q(o) = o**2 + 2*o. Does 8 divide q(x)?
True
Let h(s) = 7*s - 3. Does 30 divide h(9)?
True
Suppose -4*r - 8 = -20. Let k be r - (0 + 1) - -3. Suppose -k*w + 190 = -0. Is w a multiple of 19?
True
Suppose 5*h - 4 = 6. Suppose 2*k = k + h. Suppose -l = 3*q - 25, -l - k = -2*q + 8. Is 4 a factor of q?
False
Suppose -4*a + 10 - 2 = 0, -2*a = 2*h - 144. Is h a multiple of 10?
True
Suppose -l = -3 - 4. Is l a multiple of 7?
True
Let a(u) = u + 2. Let b be a(10). Suppose -g - 2 = -b. Suppose p - g = -3*i, -4*p + 2*i = -2*i - 8. Is 2 a factor of p?
True
Let i = -236 - -427. Is i a multiple of 13?
False
Let d(p) be the first derivative of -p**4/2 - 5*p**3/3 - 2*p**2 - 3*p - 3. Let g be d(-3). Let j = g + 3. Does 21 divide j?
True
Let f(d) = -d**3 + 11*d**2 - 7*d - 1. Is 59 a factor of f(4)?
False
Let t be 2/(-3) - 4/(-6). Suppose -6 = -2*p, 0 = -f - t*f + 4*p - 11. Is f/((0 - 1)/(-38)) a multiple of 19?
True
Let b = 376 + -187. Is b a multiple of 27?
True
Let s(k) = -k - 2. Let o be (-2)/(0 - (-3)/6). Let a be s(o). Does 6 divide a/8 + (-55)/(-4)?
False
Let y(k) = -k**3 + 8*k**2 + 2*k. Does 5 divide y(8)?
False
Let w = 8 + -5. Suppose 0 = -